t derivative of -r**4/4 + 3*r**2/2 - r - 12. What is p(2)?
-3
Let y(q) = 4 - 4 + q. Let d(p) = p - 1. Let n be d(4). Suppose -4*z = 3*a + 20, 2*a = -z - n*z - 16. Give y(a).
-4
Let b be 0 - (-30)/5*2/(-6). Let g(p) be the second derivative of -5*p**3/6 - 3*p**2/2 + 2*p. Give g(b).
7
Suppose -x - 4 = -k - 3, 15 = 5*k. Let i = x + -2. Let y(m) = m - 1. Give y(i).
-1
Let k(w) = 2*w**2 - w**3 + 3*w - 4*w - 2*w + 2*w. Suppose 3*j = 2*i + 8, 6 = 2*i - 3*i + 2*j. Calculate k(i).
-2
Let u(f) = f + 13. Let l be u(-14). Let y(q) = -2*q**2 - 2*q - 1. Calculate y(l).
-1
Let q(j) = j**3 - 5*j**2 - j + 1. Let v = -39 - -79. Let y = 57 - v. Let u = y + -12. Give q(u).
-4
Let m(z) = 6*z**2 + 9*z + 1. Let t(k) = 5*k**2 + 8*k. Let b(w) = 2*w - 3. Let y be b(4). Let p(s) = y*t(s) - 4*m(s). Suppose -5*d = 16 + 4. Determine p(d).
-4
Let q(l) = 2*l - l - 3*l - 16 + 3*l. Give q(0).
-16
Let d(o) be the first derivative of -o**4 + 3*o**2 - 2*o - 3. Let h(t) = 3*t**3 + t**2 - 5*t + 3. Let l(j) = -2*d(j) - 3*h(j). Calculate l(-4).
-1
Let w = 18 + -11. Let q(u) = 5 + w*u + 5*u**2 + u**3 + 5 - 4. What is q(-4)?
-6
Let h = 73 + -73. Let u(v) = -v**2 - v - 10. What is u(h)?
-10
Let y(r) = r**2 + 3*r - 7. Let l = -8 - -3. What is y(l)?
3
Let l(f) = 7*f - 4*f**3 - 3*f**2 + 3*f**3 + 4 - 3*f**2. Calculate l(-7).
4
Let i be 2/7 + (-60)/(-35). Suppose i*t = -0*t + 20. Let p(j) = 6*j - 2 - t*j + 3*j. Determine p(2).
-4
Let h = 4 + -4. Suppose h = -5*x - 0*x. Let w(q) = 3 - 4 - 3 - q. Calculate w(x).
-4
Let q(v) = 8*v**3 + 8*v**2 - 10*v + 3. Let d(r) = -r**3 - r**2 + r - 1. Let g(f) = -6*d(f) - q(f). Determine g(-3).
27
Let c = 0 - 2. Let b = -2 - c. Let x(f) = -f + 3 - 13*f**2 - 10 + 12*f**2. Determine x(b).
-7
Suppose j = 7 - 2. Let y(f) = f + f - j*f + 4*f - 4. Let z = 2 + 1. Determine y(z).
-1
Let v(y) = y**2 - y - 4. Let l be v(4). Suppose 0 = 3*p + u + l, -4*p + 0*u - 2*u - 14 = 0. Let s(f) = -8*f + 1. What is s(p)?
9
Let b(w) = -2*w + 7. Let q = 94 + -88. Give b(q).
-5
Suppose -4*k = 19 - 7. Let r(a) = -4*a - 2. Give r(k).
10
Let n(q) = -2*q**3 - 4*q**2 - 3*q. Let w be n(-2). Suppose h = 4*a - 15, -3 = 2*a + h - w. Let k(c) = -c**3 + 3*c**2 - 1. Determine k(a).
-1
Let b(w) = w**3 - 7*w**2 + 6*w - 1. Let p be (0/(-3))/(0 + -2). Let h be p + 1 + 35/7. Give b(h).
-1
Let a be ((-9)/27)/((-2)/18). Let g(v) = v**2 - v + 4. Calculate g(a).
10
Suppose 8 = -5*a + 23. Let s(y) = -2*y - 4. Let n(c) = -c - 4. Let g(t) = 4*n(t) - 3*s(t). Determine g(a).
2
Let y(a) = a**2. Let t(w) = 13*w**2 - 1. Let i(k) = -t(k) + 5*y(k). Let j = -3 + 4. What is i(j)?
-7
Suppose -4*q + 5*j = -13, 8*j - 3*j = q - 7. Let k(n) be the second derivative of q*n + 1/6*n**4 + 3/2*n**2 - 5/6*n**3 + 0. Calculate k(3).
6
Let p(j) = 0*j**2 + 1 + 2 - 2 + j**2 + j. What is p(0)?
1
Let z be (-312)/51 + -3 + 53/17. Let i(u) = -u**3 - 5*u**2 + 7*u + 9. Determine i(z).
3
Suppose -5*r + 5*o - 41 = o, 9 = -r + o. Let i(b) = -b - 7. Give i(r).
-2
Suppose -16 = -4*f - 0*f - 4*h, 3*h = 2*f - 33. Let o(k) = -3*k**2 + 2*k - 1. Let b(l) = -7*l**2 + 3*l - 2. Let y(n) = f*o(n) - 4*b(n). What is y(-4)?
-9
Suppose 0 = 2*b - 4*b + 4. Let h(z) = -z + 5*z**2 - 3 - 4*z**3 + 3*z**3 - 4*z + 2*z**b. Give h(6).
3
Let k(a) be the second derivative of 7*a**5/20 + a**4/12 - a**3/6 + 5*a + 7. Give k(1).
7
Let i(w) = -w - 3. Let o be i(-4). Let l be 3 + (3/(-3) - o). Let n(v) be the first derivative of 3*v**4/2 + v**3/3 - v - 1. Determine n(l).
6
Let h = 51 + -47. Let a(k) = k**2 - k + 2. Calculate a(h).
14
Let h(d) = -9*d**2 + 0*d**3 - 3*d - d**3 + 5*d + 12. Let i be h(-9). Let p(q) = q**2 + 6*q - 7. What is p(i)?
-7
Let t(c) = -5*c + 3 - c**3 - 5 + 7*c**2 + 4*c. Calculate t(7).
-9
Suppose -20 = -5*l - 3*t, -5*l + 0*l + 4*t = -20. Suppose -2*i - i + 2*x = -19, -l*i - x + 29 = 0. Suppose -3*v + i = -2. Let c(q) = -q**2 + 2*q + 2. Give c(v).
-1
Let c(l) = l**3 - 7*l**2 + 4*l + 8. Let o be c(6). Let m(x) be the second derivative of x**5/20 + 5*x**4/12 + x**3/2 - x**2/2 - x. Calculate m(o).
3
Let u(m) = -m + 8. Let b be 0*(1*-2 + 1). Let l(z) = -5*z + 24 + b*z + 2*z. Let c(h) = -4*l(h) + 11*u(h). Determine c(4).
-4
Let a(p) = -p**2 + 6*p + 9. Let x be a(7). Let t(d) = -2*d**x + d**3 + 6*d + 0*d**2 - 5*d. Let k be t(2). Let m(j) = -3*j + 1. Determine m(k).
-5
Let n = -12 + 13. Let i(v) = v + 1. Determine i(n).
2
Let x(b) = 2*b + 4. Let l(z) = -z**2 - z + 6. Let g be l(0). Suppose f = -f - g. Let n(q) = q + 3. Let p(t) = f*n(t) + 2*x(t). Give p(5).
4
Let m = 12 + -8. Suppose m + 12 = 4*u. Let b(z) be the second derivative of z**5/20 - 5*z**4/12 + 2*z**3/3 - 3*z**2/2 + 16*z. Give b(u).
-3
Suppose 6*c + 4 = 7*c. Let q be 2/c - 2/(-4). Let p(d) = 3*d - 1. Calculate p(q).
2
Let q = 9/28 - 5/21. Let t(d) be the second derivative of -4*d + 3/2*d**2 - q*d**4 - 1/2*d**3 + 0. What is t(-4)?
-1
Suppose i + p = 0, 4*i + i = -3*p + 4. Let z(v) = 1 + 4*v**2 - 4 + 2 - i + v**3. Determine z(-4).
-3
Let j(z) be the third derivative of z**6/120 + z**5/12 - z**4/3 - z**3 - 22*z**2. What is j(-6)?
6
Let s(m) be the first derivative of m**5/20 + m**4/24 - m**3/6 - 7*m**2/2 + 7. Let b(f) be the second derivative of s(f). Let y be 4/(-2) - -1 - -2. Give b(y).
3
Let m(h) = 3*h**3 + h**2 + h - 1. Let t = 1 - 0. Let b be m(t). Let d(l) = 1 - 5*l**2 - 8 + b*l**2. Determine d(0).
-7
Let v(n) = n**3 + 3*n**2 - 2*n - 2. Let i(y) = -y**2 + 4*y + 3. Let p be i(4). Suppose -4 + 16 = p*z. Suppose 11 - 3 = -z*u. Give v(u).
6
Let t(l) = l + 1. Let m(k) = -3*k - 4. Let y(f) = m(f) + 4*t(f). Let z = -2 + 2. Suppose 0 = v - 4 - z. Determine y(v).
4
Let g(f) = 3*f**3 + 2*f**2 - 1. Let n be g(1). Let i(m) = 4 - 5*m**2 + 8*m - 7*m - 2*m - m**3 + n*m. Determine i(-5).
-11
Let a be 4/(-6)*(-15)/20*8. Let q(g) = g - 3. Determine q(a).
1
Let w(b) = b**2 - 6*b - 3. Let k(q) = 2*q - 13. Let l be k(11). Give w(l).
24
Let o be (-2 + 3)*(6 - 2). Let f be (o + -5)/(2/(-4)). Let x(n) = f*n + 4*n - 5*n. Give x(2).
2
Let s = 0 + -1. Let f(l) be the third derivative of -l**7/5040 + l**6/720 + l**5/60 + 6*l**2. Let p(v) be the third derivative of f(v). Give p(s).
2
Let c(u) = u**3 + 3*u**2 - 5*u. Let g be c(-4). Let n(h) be the second derivative of -5/6*h**3 - h - 3*h**2 + 0 - 1/12*h**g. Calculate n(-4).
-2
Let s(z) = z**3 + 5*z**2 + 7*z + 5. Let k be (-3)/((-2)/8 - -1). Give s(k).
-7
Let q(p) be the second derivative of -5*p + 7/2*p**2 + 0 + 5/6*p**3 - 1/20*p**5 + 1/3*p**4. What is q(5)?
7
Let d(q) be the first derivative of -q**3/3 - 2*q**2 + 4*q - 6. Let h = 7 - 12. Calculate d(h).
-1
Let k(u) be the first derivative of -3 + 1/3*u**3 + u + 3*u**2. Calculate k(-4).
-7
Let h(n) = 17*n - 7 - 6 + 6 - 18*n. What is h(-6)?
-1
Let u = 5 + -10. Let s = 6 + -4. Let y(p) = 1. Let w(a) = -a**2 - 7*a - 6. Let o(l) = s*y(l) + w(l). Calculate o(u).
6
Suppose 2*j - 4*j = 0. Suppose 2*z - 3*z + 2 = j. Let o(p) = -8*p + 9. Let b(y) = -4*y + 4. Let d(c) = 5*b(c) - 2*o(c). What is d(z)?
-6
Let b be ((-2)/(-2))/(3/15). Let a(l) be the second derivative of l**4/24 + l**2/2 + l. Let c(p) be the first derivative of a(p). Give c(b).
5
Let t be 9/4 - (-2)/(-8). Let j(o) = 5*o**t + 0*o**2 - 5*o + 0*o**2 - o**3 + 3. Let m be (12 + -9)*3/(3 - 0). What is j(m)?
6
Let i(z) = -6*z**2. Let f be (-1 + 2)/((-1)/(-2)). Suppose 2*p + 4 = -f*p. Calculate i(p).
-6
Let w(q) = -4 + 0 + 0 - q - 1. Let y = -3 + -2. Calculate w(y).
0
Let o(s) = s**3 - 2*s + 4*s**2 + s**2 - 4 + 0*s - 2*s**3. What is o(4)?
4
Let j(o) = -4*o**2 + o + 3. Let h(b) = -3*b**2 + b + 2. Let u(y) = 3*h(y) - 2*j(y). Let s be (6 - 7)*(0 - 0). Suppose -i = -s*i. Determine u(i).
0
Let g(k) be the third derivative of -k**5/60 - 5*k**4/24 + k**3/3 - 5*k**2. Determine g(-4).
6
Let l(b) = 7*b**2 + b - 1. Suppose 0 = 4*s + 7 + 1. Let k be (-8)/(1 + s/6). Let q be (-3)/k + (-3)/(-4). Calculate l(q).
7
Let f(c) = c**3 + 6*c**2 - 9*c - 10. Let v(p) = 2*p - 41. Let n be v(17). Calculate f(n).
4
Let s(o) = -o**3 + 4*o**2 - 2. Let t(y) = 2*y**2. Let f be t(-1). Suppose 5*g + 25 = 0, 4*l - f*g - 19 = g. Let d = 5 - l. Give s(d).
-2
Let z(o) be the first derivative of -7*o**2/2 + o + 8. Let f = -5 + 6. Determine z(f).
-6
Let g be (-10 + 7 + (-8)/(-2))*-7. Let o(r) = -r**2 - 7*r + 4. Give o(g).
4
Let v(g) = 5*g + 4. Let r(d) = -d - 1. Let n(x) = 11*r(x) + 2*v(x). Suppose -2*i + 2 = -f